(-1207869)/(-39) - (2 + -2). Is ((4*g)/(-22 + 20))/(-2) composite?
False
Let v(d) = 115*d**3 + 6*d**2 - 222*d + 1068. Is v(5) a prime number?
False
Let r be 4/42 + 11/126*102. Is 5 - (r - 5 - 0)*-709 composite?
True
Suppose 0 = -4*v - 4*b + 243412, 627*v - 623*v = -b + 243430. Is v prime?
True
Suppose 30*h - 303828 = -57558. Is h composite?
False
Let d(v) = v**2 + 6. Let z be d(0). Let k(f) = f - 14. Let w be k(z). Let m(b) = -53*b + 25. Is m(w) a prime number?
True
Let f = -809193 + 1148516. Is f composite?
False
Let s(j) = 823*j + 110. Is s(29) prime?
True
Suppose 0 = 4*g - 60. Suppose -72*y = -89*y + 715870. Is 2/(-6) + y/g a composite number?
True
Let t = -417629 + 831040. Is t a prime number?
True
Suppose 3*i - 3 = 4*r, 5*r + 2 = 4*i - 2. Is 3407 + r*(-2)/8*-4 a prime number?
True
Let v be ((-60)/72)/((-2)/(-248))*168. Let n = -11803 - v. Is n a prime number?
True
Suppose 2*f - 17806 = -3*u + 36421, -5*u + 90383 = f. Is u a composite number?
False
Let a(p) = -47*p**2 + 22*p + 77. Let f be a(28). Let w = -23214 - f. Is w composite?
False
Suppose -19048*h - 933036 = -19060*h. Is h a prime number?
False
Suppose -202922 = -2*d + 4*r, 4*d - 328355 = 2*r + 77453. Is d prime?
True
Let o be 6809/5 + (6/5 - 1). Let w be (-3)/(1 - o/1359). Let k = w - 418. Is k composite?
False
Let s(w) = -24*w**2 - 4*w + 666811. Is s(0) a composite number?
False
Suppose -59*z + 52*z + 3255 = 0. Suppose z*x = 472*x - 83671. Is x composite?
False
Suppose -3*j - q + 279976 = -16842, -3*q - 98936 = -j. Is j a composite number?
False
Let m(a) be the first derivative of 265*a**3/6 - 4*a**2 + 6*a - 18. Let w(p) be the first derivative of m(p). Is w(3) prime?
True
Let p(a) = a**2 - 18*a + 76. Let w be p(12). Is (1*-953)/(w/(-8)) composite?
True
Suppose -82 - 10 = 23*d. Is (6 - 85*-75) + d/(-2) a composite number?
True
Let b = -106 + 109. Suppose -3*n + 2*t + 47 = 11, 3*t + 36 = b*n. Is (-11351)/(-2)*n/6 composite?
False
Let n(v) = 339*v**2 - 22*v + 79. Let g be n(11). Suppose 4*f - r - 81722 = 0, -5*f + g = -3*f - 3*r. Is f composite?
False
Let a = 20787 - 926. Suppose -32*d = a - 117685. Is d a prime number?
False
Let x = -16 - -17. Let a(j) = 2786*j**3 - 5*j**2 + 6*j - 2. Is a(x) composite?
True
Suppose 0 = 4*w, -3*n = -4*n + 4*w + 79334 + 72375. Is n prime?
False
Suppose 4*d = 5*c - 3265, 0*c + 5*c - 3265 = -d. Suppose c = 16*s - 7891. Let m = 973 - s. Is m prime?
True
Let k = 5996 + 31191. Is k prime?
False
Let y = 83 + -85. Let o be ((-23)/(-46))/(y/(-20)). Suppose o*m - 2*w - 741 + 86 = 0, 3*m = w + 393. Is m a prime number?
True
Let t(l) = -l**3 + 16*l**2 + 76*l + 97. Is t(-34) composite?
False
Is (48354200/1400)/(1/7) prime?
True
Suppose 10*v - 35 = 3*v. Suppose b = v*w - 325832, -w - b + 3*b = -65161. Is w composite?
False
Is (-663)/3536 + (-125075)/(-16) a composite number?
False
Suppose -10*n + 5*n + 3*i = -1890307, 1512240 = 4*n - i. Is n a composite number?
True
Let s(t) = 80*t**3 - 20*t**2 - 57*t + 23. Is s(12) a prime number?
True
Let n be (0/(-3))/(2/4*-2). Suppose n = c + m + 4316 - 22606, 4*c - 3*m - 73195 = 0. Is c composite?
True
Is -13 - (809886/(-7) - -6) composite?
False
Let l be 6/7*(-98)/(-21). Suppose 5*s + 2*q = q - 12, -3*s = -5*q - l. Is s*82/(-8)*88/4 a composite number?
True
Let t(f) = 10*f**2 - f - 5. Let s be t(4). Suppose -95*h - 1210 = -100*h. Let k = s + h. Is k a composite number?
True
Let q = -24 - -36. Let r be 2/3 + (2 + 2)/q. Is (-156)/(-2) - (r - 2) prime?
True
Let s(z) = -z**3 - 27*z**2 - 28*z - 54. Let t be s(-26). Let p(m) = -939*m**3 - 3*m**2 - 7*m - 5. Is p(t) prime?
False
Let l(v) = -v**3 - 115*v**2 + 355*v + 38. Is l(-121) a prime number?
False
Suppose 19383 = 18*l - 5*l. Suppose 0 = 4*d - l - 65. Is d a prime number?
True
Is (0 - (-18)/15) + 439902/90 prime?
True
Let l(c) = -8*c. Let s(n) = -4*n - 21. Let t be s(-5). Let q be l(t). Is (-3 - -229)*20/q prime?
False
Let j = 12607 - 8936. Is j a prime number?
True
Suppose 0 = 4*k + 15 - 11. Let z be 6/9*(-2 - (k + -286)). Let m = z + -71. Is m composite?
True
Is ((-84034178)/(-333))/((-18)/(-81)) a composite number?
False
Let z be (-9 - -21)*(-5403)/(-3). Suppose 22*i = z - 2098. Is i prime?
True
Let h be 8/68 - (-39028)/34. Let v = 2013 - h. Is v composite?
True
Let j(s) = 33 - 61 + 167*s + 49. Is j(8) composite?
True
Suppose 4*u + 206793 = 5*a, 15530 + 25788 = a + 5*u. Is a prime?
False
Suppose -3*k = -2*b - 435 - 361, -k + 257 = b. Suppose 184 = 2*j - k. Is j prime?
True
Let k(j) = j**3 - 15*j**2 - 2*j + 34. Let d be k(15). Let n(v) = 192*v - 317. Is n(d) composite?
True
Let y be (-2 - 6)*((-5 - -2) + 4). Let z(n) = 24151*n**3 + n**2 + n - 1. Let l be z(-1). Is (l/y)/(0 + 1) a composite number?
False
Suppose 16*t = 10*t - 24. Let w(d) = -9*d**3 + 3*d**2 + 3*d + 21. Is w(t) prime?
False
Let m be 2*1/(8/20). Suppose 0 = -y - 3*t + 15, -3*y + 0*t = -m*t - 31. Suppose 421 - 1369 = -y*l. Is l prime?
True
Let y = -41578 - -80020. Suppose 5*o = -o + y. Is o a composite number?
True
Suppose 3*q - 2*x - 49 = 0, 3*q + x - 28 = q. Let k be 3/q + -3*(-16)/10. Suppose -y + 6803 = k*j, -y = -5*j + 4395 + 2412. Is j prime?
True
Let u be (-20)/(-30) - (-19)/3. Suppose -c = -14 + u. Suppose c*w - 5*w - 502 = 0. Is w prime?
True
Let z be 3800 + ((-168)/72 - (-2)/6). Is ((-8)/(-24))/(6/z) a composite number?
False
Suppose -26529618 = -202*q - 2380720. Is q prime?
True
Let c = -606 - -655. Let g = 14 - 0. Suppose -c = g*j - 21*j. Is j composite?
False
Let z(a) = 46*a**2 + 64*a - 129. Is z(-27) composite?
True
Suppose 4659 = -h + 5*f - 0*f, 2*f - 23272 = 5*h. Let d = h - -864. Is (d/(-15))/((-10)/(-45)) a composite number?
True
Suppose -33*m + 609497 + 801616 = 0. Is m prime?
False
Let g(j) = j**2 + 11*j + 23. Let f be g(-12). Suppose -f*c + 4629 = -10736. Is c composite?
False
Let t(h) = h**2 + h - 1. Let x(i) = -2*i**3 - 15*i + 16. Let g(u) = 4*t(u) + x(u). Is g(-7) composite?
False
Is (-5)/55 - (-72)/(-88)*-241708 composite?
True
Suppose 0 = 8*s + s - 102456. Suppose 86*u + s = 94*u. Is u prime?
True
Suppose -2*p = -4*w + p + 1, 3*w = 2*p + 2. Is w - (385005/(-105) + 4/(-14)) a prime number?
True
Let u = -43 - -53. Suppose 22*t - u = 21*t. Is (-5)/(-2)*212/t prime?
True
Let m be (-1 - 91)*2/(-4). Suppose 6*h - 92 - m = 0. Suppose -h*a = -26*a + 1227. Is a composite?
False
Let g be 2/(-8) - (-824)/(-32). Let c = -13 - -11. Is (g/8)/(c + 295/148) composite?
True
Let r(n) = 7*n**2 - 3*n + 19. Let f be -8 + 212/20 - 4/(-10). Suppose f*x - 32 = -5*p - 0*x, 0 = 2*p + 2*x - 12. Is r(p) prime?
False
Let d(p) = 652*p**3 + 26*p**2 + 8*p + 1. Is d(5) a composite number?
True
Suppose 571827 = 47*z - 172136. Is z composite?
True
Let q(u) = 5*u + 28. Let g be q(-4). Is 1373 - g - 1*4 a prime number?
True
Let d(s) = 145*s - 12. Let k(a) = -292*a + 25. Let g(l) = 5*d(l) + 2*k(l). Is g(9) prime?
True
Let t(c) = c**2 - 9*c. Let x be t(7). Let g(r) = 9*r - 19 - 13*r + 22. Is g(x) prime?
True
Let g(z) = -z**3 + 12*z**2 - 10*z + 2. Let a be g(11). Suppose 7*o + 23298 = a*o. Is o prime?
False
Let j(p) = -p**3 - 4*p**2 - 9*p + 9. Let w(c) = c**3 + 6*c**2 - 7*c - 7. Let k be w(-7). Let g be j(k). Let y = g - 106. Is y prime?
True
Is 121187/55 + (-10)/25 a prime number?
True
Let f = -2347 - -51640. Is (-1)/((-3)/f) + -4 prime?
True
Suppose 17*v = 20*v + 1296. Let h = 71 - v. Suppose 4*t - h = 5*m, t - 132 = -9*m + 4*m. Is t a composite number?
False
Let l = -56 - -60. Let p be -4 + (10 - l) + 1363. Suppose p = f - 356. Is f a composite number?
False
Suppose 0 = 9*h + 62710 - 339145. Let w = -21128 + h. Is w a composite number?
False
Suppose -140*c + 19856331 = -107*c. Is c a composite number?
True
Let h(p) = 4927*p**2 + 135*p - 1817. Is h(14) a prime number?
False
Suppose -2*f - 19948 = t, 5*t + 12250 = -2*f - 7682. Let w = f + 19005. Is w composite?
False
Let l(o) = -35*o - 11. Let i(p) = 35*p + 11. Let y(w) = -4*i(w) - 5*l(w). Let m be ((-232)/87)/((-7)/21). Is y(m) prime?
False
Let g(n) = n**3 - 6*n**2 + 6*n. Let h = -78 + 83. Let x be g(h). Suppose w = -2*d + 1406 + 2451, -x*d - 5*w = -9630. Is d prime?
True
Let q be -3 - (-1 + 6/(-3)) - -2. Let n(x) = -x**2 - 4*x**2 + 6*x**q + 3*x - 17 + 2*x. Is n(-14) prime?
True
Suppose -19*h - 13146 - 762 = 0. Let q = h - -1139. Is q a composite number?
True
Let o(a) =